{"id":774,"date":"2021-04-27T08:47:43","date_gmt":"2021-04-27T06:47:43","guid":{"rendered":"https:\/\/ateliers-kraftwerk-bille.de\/?page_id=774"},"modified":"2021-04-27T11:08:48","modified_gmt":"2021-04-27T09:08:48","slug":"antje-bromma","status":"publish","type":"page","link":"https:\/\/ateliers-kraftwerk-bille.de\/index.php\/antje-bromma\/","title":{"rendered":"ANTJE BROMMA"},"content":{"rendered":"\n<p>1989 Sommerakademie Salzburg bei Magdalena Jetelov\u00e1<br>1990 &#8211; 1998 Studium Freie Kunst an der Fachhochschule f\u00fcr Kunst und Design, Hannover, bei Makoto Fujiwara und Horst Hellinger<br>1994 Gastsemester Myndlist- og hand\u00ed\u00f0ask\u00f3la \u00cdslands, Reykjav\u00edk, bei Svava Bj\u00f6rnsd\u00f3ttir<br>2011 Montblanc Young Artist World Patronage<br>2012 Sella Hasse Kunstpreis<\/p>\n\n\n\n<p class=\"has-medium-font-size\"><strong>Ausgew\u00e4hlte Ausstellungen<\/strong><br><span class=\"has-inline-color has-cyan-bluish-gray-color\">(E: Einzel-, G: Gruppenausstellung)<\/span><\/p>\n\n\n\n<p><br>2019 &#8222;Shared Space&#8220;, Drostei Pinneberg<br><br>2019 &#8222;Kunst in der Fraktion&#8220;, Rathaus, Hamburg<br><br>2018 &#8222;Gotham City 11&#8220;, Ateliergemeinschaft Speicherstadt, Hamburg<br><br>2018 Zentralbibliothek, Hamburg<br><br>2017 &#8222;Gotham City 10&#8220;, Ateliergemeinschaft Speicherstadt, Hamburg<br><br>2016 Galerie W, Hamburg<br><br>2015 Kunstverein Heide<br><br>2014 Sammlung Ingrid und Helmut Roosen-Trinks, Berlin<br><br>2013 Galerie Corona Unger, Bremen<br><br>2012 &#8222;Leicht abseits&#8220;, Galerie Speckstra\u00dfe, Hamburg<br><br>2012 &#8222;Daemons Dilemma&#8220;, K\u00fcnstlerhaus Frise, Hamburg (E)<br><br>2012 &#8222;Jahresgaben&#8220;, Kunstverein, Hamburg<br><br>2011 Galerie Immanuel, Neufelder M\u00fchle, Neufeld<br><br>2011 &#8222;formal \u2013 normal&#8220;, Walden Kunstausstellungen, Berlin<br><br>2010 &#8222;elle gradelle&#8220;, Wasserm\u00fchle, Trittau (E)<br><br>2010 &#8222;Freiland&#8220;, Kulturzentrum Schlachthof, Bremen<br><br>2010 &#8222;Wilde Mischung&#8220;, Einstellungsraum, Hamburg<br><br>2009 &#8222;Zusammenspiel&#8220;, Galerie der Villa, Hamburg<br><br>2009 &#8222;Die unendliche Schleife&#8220;, Institut f\u00fcr moderne Kunst, N\u00fcrnberg<br><br>2009 &#8222;VfL (Beitz, Roeseler, Bromma )&#8220; , S\u00fcdbalkon, Hamburg<br><br>2008 &#8222;Wir nennen es Hamburg&#8220;, Kunstverein, Hamburg<br><br>2008 Caf\u00e9 Mondego, Guarda, Portugal (E)<br><br>2007 &#8222;worpswunder&#8220;, Kunstverein Springhornhof, Neuenkirchen<br><br>2007 &#8222;VfL (Beitz, Roeseler, Bromma ) &#8222;, Bootshaus VfL 93, Hamburg<br><br>2007 &#8222;Pflanzendialoge\u201c, Kunsthaus Hamburg<br><br>2007 &#8222;Internationales K\u00fcnstlersymposium&#8220;, Atelier Temos Tempo, Feital, Portugal<br><br>2006 Stipendiaten 2005 der Freien und Hansestadt Hamburg, Kunsthaus Hamburg<br><br>2006 &#8222;Neue Kunst in alten G\u00e4rten\u201c, Lehnte<br><br>2006 Arch\u00e4ologisches Zentrum Villa Nova do Foz C\u00f4a, Portugal<br><br>2005 &#8222;Pollenflug&#8220;, Galerie Sfeir-Semler, Hamburg<br><br>2005 &#8222;wai wai&#8220;, Golden Pudel Klub, Hamburg (E)<br><br>2004 &#8222;The Flying Circus&#8220;, Galerie Robert Drees, Hannover (E)<br><br>2004 &#8222;Luftlinien&#8220;, Westwerk. Hamburg (E)<br><br>2004 &#8222;Installation im Kirchturm&#8220;, St. Marien, Hessisch Oldendorf (E)<br><br>2003 &#8222;Findlinge&#8220;, Paul Galerie, Bremerhaven (E)<br><br>2003 Galerie der Nieders\u00e4chsischen Lottostiftung, Hannover<br><br>2003 &#8222;Pool&#8220;, Institut f\u00fcr moderne Kunst N\u00fcrnberg (E)<br><br>2002 &#8222;unterwegs&#8220;, Kunstverein Hildesheim (E)<br><br>2002 &#8222;1 -2 -3! &#8222;, Klostergalerie Zehdenick<br><br>2001 &#8222;netagerd&#8220;, 88 Verein f\u00fcr Kunst und Kultur, Hamburg (E)<br><br>2000 &#8222;Ein Treppenhaus f\u00fcr die Kunst&#8220;, Nieders\u00e4chsisches Ministerium f\u00fcr Wissenschaft und Kultur, Hannover<br><br>2000 &#8222;By the way&#8220;, Kunstverein Wunstorf<\/p>\n","protected":false},"excerpt":{"rendered":"<p>1989 Sommerakademie Salzburg bei Magdalena Jetelov\u00e11990 &#8211; 1998 Studium Freie Kunst an der Fachhochschule f\u00fcr Kunst und Design, Hannover, bei Makoto Fujiwara und Horst Hellinger1994 Gastsemester Myndlist- og hand\u00ed\u00f0ask\u00f3la \u00cdslands, Reykjav\u00edk, bei Svava Bj\u00f6rnsd\u00f3ttir2011 Montblanc Young Artist World Patronage2012 Sella Hasse Kunstpreis Ausgew\u00e4hlte Ausstellungen(E: Einzel-, G: Gruppenausstellung) 2019 &#8222;Shared Space&#8220;, Drostei Pinneberg 2019 &#8222;Kunst in [&hellip;]<\/p>\n","protected":false},"author":1,"featured_media":0,"parent":0,"menu_order":0,"comment_status":"closed","ping_status":"closed","template":"","meta":{"spay_email":"","footnotes":""},"_links":{"self":[{"href":"https:\/\/ateliers-kraftwerk-bille.de\/index.php\/wp-json\/wp\/v2\/pages\/774"}],"collection":[{"href":"https:\/\/ateliers-kraftwerk-bille.de\/index.php\/wp-json\/wp\/v2\/pages"}],"about":[{"href":"https:\/\/ateliers-kraftwerk-bille.de\/index.php\/wp-json\/wp\/v2\/types\/page"}],"author":[{"embeddable":true,"href":"https:\/\/ateliers-kraftwerk-bille.de\/index.php\/wp-json\/wp\/v2\/users\/1"}],"replies":[{"embeddable":true,"href":"https:\/\/ateliers-kraftwerk-bille.de\/index.php\/wp-json\/wp\/v2\/comments?post=774"}],"version-history":[{"count":4,"href":"https:\/\/ateliers-kraftwerk-bille.de\/index.php\/wp-json\/wp\/v2\/pages\/774\/revisions"}],"predecessor-version":[{"id":810,"href":"https:\/\/ateliers-kraftwerk-bille.de\/index.php\/wp-json\/wp\/v2\/pages\/774\/revisions\/810"}],"wp:attachment":[{"href":"https:\/\/ateliers-kraftwerk-bille.de\/index.php\/wp-json\/wp\/v2\/media?parent=774"}],"curies":[{"name":"wp","href":"https:\/\/api.w.org\/{rel}","templated":true}]}}